+ 7. Let v be m(5). Suppose v + 217 = 2*f. Is f a prime number?
False
Let z(v) = 280*v - 1. Let w be -58 - 8/((-24)/(-9)). Let i = -56 - w. Is z(i) composite?
False
Let t = -6733 - -10705. Suppose -36*n - t = -42*n. Is n a composite number?
True
Let n = 65 - 85. Let v be (n/(-12))/(4/12). Suppose -v*h + 8*h = 3027. Is h composite?
False
Suppose 4*q = -m + 6389, 11*m - 7*m - 5*q - 25472 = 0. Is m prime?
True
Suppose -3*s = 4*k - 2686148, s + 0*s + 3*k = 895386. Suppose -198*j + 210*j = s. Is j a prime number?
False
Let o(b) be the second derivative of 547/12*b**4 - 2*b**2 + 0 - 2/3*b**3 + 17*b. Is o(-1) a composite number?
False
Let k = -110234 + 187993. Is k composite?
True
Suppose -70831 - 116367 = -134*m. Is m prime?
False
Let v(t) = 5*t + 25 + 3*t**2 + 2*t + 2 + 13 - t. Let a be (-3)/(-12) - 303/12. Is v(a) a prime number?
False
Let m(y) = -y**2 + 25*y - 139. Let z be m(9). Suppose -r - 8213 = -z*a, 3*a + 14*r - 4925 = 16*r. Is a a composite number?
True
Let i(g) = -39*g + 39. Let f be i(6). Let u = -144 - f. Is u composite?
True
Let o(z) = -z. Let a be o(-2). Suppose -24*p + 210 = -19*p. Is ((-28)/p)/(a/(-909)) composite?
True
Let b = 24344 - -18459. Is b a prime number?
False
Let k(b) = -4*b**3 - 13*b**2 - 39*b - 143. Is k(-16) a composite number?
False
Suppose 729*j = 730*j + 36. Is (-9873)/j - (-2)/(-8) a composite number?
True
Let q(i) = -190113*i - 3013. Is q(-8) a composite number?
True
Let a(k) = 141*k**2 + 20*k + 2. Let z = 117 + -119. Is a(z) prime?
False
Suppose -4*j - 1 = l, 4*j - j = -3. Let n be (-2)/(-4) + 837/2. Suppose 3*x + 566 = 4*g + 2*x, -n = -l*g - 2*x. Is g composite?
True
Let s(j) = j**3 - 7*j**2 + 77*j - 246. Is s(29) a prime number?
False
Suppose 4*h = 4*j + 8*h + 5709248, j + 1427306 = 2*h. Is (j/(-120))/((-3)/(-4)) a composite number?
False
Let x(a) = a**2 + 17*a + 31. Let u be x(-15). Let t(o) = 11864*o**3 - 3*o + 2. Is t(u) a composite number?
False
Let m(g) = -299*g**3 - 3*g**2 - 11*g + 21. Let z be m(4). Is z*4*8/(-32) a composite number?
False
Suppose 2*f + 4*g - 48 = 0, -3*g - 108 = -5*f + 2*f. Suppose -25626 = 26*b - f*b. Is b composite?
False
Let r(q) = q**2 - 6*q - 11. Let b be r(-5). Suppose -4*p + 0*n = n + b, 0 = -3*p + 5*n - 56. Is (7 - 3)/(-24) - 3590/p a prime number?
False
Let h(k) = -2*k**2 + 15*k - 240. Let n(x) = x**2 - 12*x + 240. Let y(q) = -7*h(q) - 6*n(q). Is y(23) a composite number?
True
Let t be (-1220)/(-6) - 10/(-15). Let x = -42 + t. Let h = 259 - x. Is h a prime number?
True
Let k(r) = -19*r**3 - 5*r**2 - 11*r + 3. Let g be k(-8). Is g + 6 + -2*(-15)/(-10) prime?
False
Suppose -4*j - 2*w = -166328, 0 = 6*j - 8*j + 4*w + 83134. Is j a composite number?
False
Suppose 7409095 = -824*h + 829*h + 5*p, 2*p - 5927276 = -4*h. Is h a composite number?
False
Suppose 0 = -5*o - 3*q + 787843, 5*o - 160*q + 156*q - 787871 = 0. Is o a composite number?
False
Suppose x - 68 = -4*k - 27, -5*k = -4*x - 25. Let t be (k - 0)*12/54. Suppose -u + 537 = 2*w, -w - t*u = w - 540. Is w a composite number?
True
Suppose 49 = 11*t - 4*t. Let p(i) = -i + 8. Let l be p(t). Is -1 + l + 2 + 406/2 prime?
False
Is (-8)/116 - -913367*30/174 composite?
False
Let m(w) = -1471*w + 137. Let y(q) = -1472*q + 140. Let d(s) = 5*m(s) - 4*y(s). Is d(-6) a prime number?
False
Let x(v) = -35*v - 44. Let s(h) = 36*h + 43. Let d(j) = 5*s(j) + 4*x(j). Let l be d(28). Suppose -3*p = -2*n - l - 606, 2 = -n. Is p composite?
False
Let w = 74 - 83. Let r(c) = c**2 + 10*c + 12. Let o be r(w). Is (3450 + o)*(-6)/(-18) composite?
False
Let m be 0*(-3 + 5/2). Suppose 4*x = p + x + 7, -5*p = 2*x - 16. Suppose m = -2*b - p*b + 516. Is b a prime number?
False
Is 264/(-792)*(-1 - 1114880) a composite number?
False
Let i = 89 - 81. Suppose -i*l + 14*l = 3054. Is l a composite number?
False
Let a = 6 + -63. Let h = -30 - a. Suppose 29*r - h*r - 3802 = 0. Is r prime?
True
Let o(x) = -x**3 - 27*x**2 + 29*x + 87. Let a(g) = -g**3 - 28*g**2 + 28*g + 88. Let c(k) = -7*a(k) + 6*o(k). Is c(-33) a prime number?
True
Suppose -966250 = -36*z + 32*z - 5*k, -4*z + 966214 = -k. Is z a prime number?
False
Suppose -83*a = -b - 84*a + 66172, -4*b + 264643 = -5*a. Is b a composite number?
True
Let z(t) = 130235*t - 1644. Is z(1) a prime number?
True
Let y(q) be the first derivative of q**2 - 5*q + 12. Let z be y(4). Suppose -6*j + 873 = z*j. Is j a composite number?
False
Let y = -231 + 1748. Is y prime?
False
Let d(r) = -r + 76. Let o be d(36). Is (14168/o + -6)*(3 + 2) a prime number?
True
Let h(x) = -79*x + 2. Let w be h(-1). Let r = -55 + w. Suppose -21*m - 24785 = -r*m. Is m prime?
True
Is -239 - -54462 - -1*(1 + -7) a composite number?
False
Is 146870/16 + 438/(-1168) a prime number?
False
Suppose 0*t + 323 = 5*p - 3*t, 2*p - 138 = -t. Let m = 67 - p. Suppose 4*n = -g - 4*g + 4387, -g + n + 881 = m. Is g a prime number?
False
Suppose -1 = i - 5. Suppose 4*k = l + i*l - 132, -2*l = 3*k + 122. Is ((-2260)/6)/(k/57) a composite number?
True
Let d(n) = -1. Let u(v) = -6*v - 29. Let g(x) = -6*d(x) + u(x). Let f be g(-8). Is 1/(f/5) + 39132/15 prime?
True
Let b(h) = 333*h**2 - 181*h + 43. Is b(24) a composite number?
False
Suppose -88*f - 10791 = -89*f + 2*x, 2*f - 21588 = 2*x. Suppose f = g - 4*z, -g + 6539 = -z - 4261. Is g a composite number?
True
Let h(l) = 12*l - 7. Let d(o) = -23*o + 14. Let k(r) = -6*d(r) - 11*h(r). Let w be k(3). Let i(a) = 12*a**2 - 19*a + 34. Is i(w) prime?
True
Let b(j) = -11*j**3 + 31*j**2 - 28*j - 17. Is b(-12) composite?
True
Let g(u) = 516*u + 21. Let x(t) = 6*t**2. Let l be x(-1). Let m be g(l). Suppose m = -16*v + 19*v. Is v a prime number?
True
Let v(a) = -21*a**3 - 2*a**2 + a + 7. Let t(b) = 14*b - 31. Let q be t(2). Is v(q) prime?
False
Suppose k - 6*l - 513865 = 0, 2*k - 763722 = -2*l + 263924. Is k prime?
True
Suppose -1212339 = -q - 2*a, 50*q = 55*q + 2*a - 6061679. Is q prime?
False
Suppose -17*d + 71*d - 9784226 = 144808. Is d prime?
True
Let r(t) = t**3 + 22*t**2 + 8*t - 18. Let c(i) = -i - 23. Let k be c(11). Let f = k + 17. Is r(f) a prime number?
True
Suppose 8*h + 64 = 12*h. Suppose -4*v - 4*v + h = 0. Is (-598)/(-6)*(2 + v/2) a composite number?
True
Suppose -c = -54*n + 49*n + 456306, 0 = -2*n + c + 182523. Is n a composite number?
True
Let y(f) = -3*f**3 + 3*f**2 - 3*f - 1. Let h be y(-8). Suppose 5351 = 9*t + h. Let x = t - -367. Is x composite?
True
Let z(i) = 23618*i + 3. Let b be z(4). Suppose -692576 + b = 3*w. Is (-4)/(-10) + w/(-95) a prime number?
True
Let v = 1135 - -2981. Suppose 4*s = s + y + 6169, -2*s + 4*y = -v. Let q = -1397 + s. Is q a composite number?
False
Suppose -5*f + 0*f = 20. Let n be (4 + 58/f)*-82. Let d = 1604 - n. Is d a composite number?
False
Suppose -8 = -n - 5. Suppose -6250 = -4*j - 2*r, 3*j - n*r + r = 4684. Suppose -4*u = 3*b - j, 0 = -2*u + 4*b + 403 + 367. Is u a prime number?
True
Let i(w) = -6*w - 42. Let y be i(-9). Is 4/y - (-5252)/3 composite?
True
Let p(o) = 3*o**2 + o. Let g be p(1). Suppose -7*n + g*n - 1230 = 0. Let q = 1745 - n. Is q a prime number?
False
Suppose 3*t - 20706 = -2*t + 3*s, 4*t - 16554 = -3*s. Let f = t - 1483. Is f a prime number?
True
Suppose -4*m + 10 = -3*g, 5*g + 6 + 5 = m. Is (-7)/(-14)*(g + -24970)/(-3) composite?
True
Let s be (4/1)/(((-24)/4156)/(-3)). Suppose -4*u + 9 - 1 = 0, -4*u = -2*r + s. Is r a prime number?
False
Let s = 190 - 256. Is (-18)/33 + (-206682)/s a prime number?
False
Suppose m = -3*w + 5, m - 3*m = 8. Let j be (1 - w) + -14 + 19. Suppose -j*a = -6*a + 609. Is a a composite number?
True
Let y(b) = 972*b - 131. Let g be (102/(-68))/((-3)/14). Is y(g) a composite number?
False
Suppose 0 = m + 61 - 67. Suppose m*q - 1 = 7*q. Is (-7 + q)*-46 + -3 prime?
False
Suppose 5*h = t - 15, 4*t - 5*h + 10 = -5. Is t/(2/(-7) + (-35)/49) a composite number?
True
Let o(z) = 2*z**3 + 2*z**2 + 2*z - 1. Suppose -17 = 2*w - 67. Let r = 28 - w. Is o(r) a composite number?
True
Is 9 + 7 + -4 + 64037 a composite number?
True
Suppose 15668 = 24*c - 103924. Suppose z + c - 13624 = 0. Is z composite?
False
Suppose -50*l + 4799295 = -5*l. Is l composite?
True
Let z(t) = -10*t**3 - 13*t**2 - 13*t - 13. Suppose -166 = 9*u - 58. Is z(u) prime?
True
Let t(i) = -7*i**3 - 4*i - 4. Let z be t(-3). Let c = 48 + z. Suppose 0 = a + 6*a - c. Is a prime?
False